actors of n.
2, 7, 23
Suppose -3*j + 57 = 5*n, -22 = -2*j - 2*n + 20. Suppose -j*s + 20*s = -4928. Suppose -4*b = 3*b - s. What are the prime factors of b?
2, 11
Suppose 3*d = 5*o + 4*d - 47860, -19121 = -2*o - 5*d. What are the prime factors of o?
3, 3191
Let r(s) = s**3 - 2*s**2 - 14. Let u be r(0). Let x(w) = -w**3 - 13*w**2 + 45. Let l be x(u). Let m = l - 117. List the prime factors of m.
2, 31
Suppose -15*j + 111534 = 97551 - 775197. What are the prime factors of j?
2, 7, 1879
Let c = 22822 + -6297. What are the prime factors of c?
5, 661
Let l = -225 - 86. Let a = l + 590. What are the prime factors of a?
3, 31
Let c be (42/4 - 4/8)*2. What are the prime factors of 2844/8 + (-10)/c?
5, 71
List the prime factors of -8 + (6 + -14 - -37407).
139, 269
Let k be 8/(-6)*3/(-2). Suppose -3*w - 5*y = -w - 360, 0 = -3*w - k*y + 551. What are the prime factors of w?
5, 37
Suppose -3*n - 24 = -4*y, -6*n - 23 = -5*y - 4*n. Let s be (-6)/4*(-984)/3. Suppose 3*d = -y*u + 84 + 408, -4*u - s = -3*d. List the prime factors of d.
2, 41
List the prime factors of ((1/(-6))/(44/(-27918)))/(9/2196).
3, 47, 61
Suppose 15*c - 17*c = 7*a - 77457, -5*a = -c - 55341. What are the prime factors of a?
3, 7, 17, 31
Suppose -q + 4*b = -2 + 10, -21 = -3*q - 3*b. Suppose -u + 41 = -0*u - 5*m, 72 = q*u + 3*m. Suppose 55 - u = r. List the prime factors of r.
2, 17
Let y(b) = -b**3 + 9*b**2 - 15*b + 7. Let f be y(7). Suppose 4*z - d - 749 = f, 2*z + d = -2*z + 755. List the prime factors of z.
2, 47
Let s(w) = 89*w**2 + 82*w - 484. What are the prime factors of s(6)?
2, 11, 73
Suppose 0*p - 5*y = 4*p - 28, -y = -p - 2. Suppose -3*i + 3038 = 4*m, -p*i + 3*i - 1014 = -m. List the prime factors of i.
2, 509
Suppose -t - 17822 = -2*p, 195*p + 2*t + 8905 = 196*p. List the prime factors of p.
3, 2971
Let l be (-14)/((-14)/69) - 4. Let z(a) = 20*a - 1. Let g be z(2). Let x = l - g. List the prime factors of x.
2, 13
Suppose 38*b - 32*b + 7560 = 0. List the prime factors of (1/(25/b))/((-8)/100).
2, 3, 5, 7
List the prime factors of (-136)/102 - (-31818)/9.
2, 3, 19, 31
Let g be (-1414)/(-303) - (1 - (-8)/(-6)). Suppose -l - 2*l + 3*u = -36, g*l - 52 = -3*u. What are the prime factors of l?
11
Suppose -3*s - 3*o + 25 = 10, -5*o = s - 1. List the prime factors of s/(12/310)*2/5.
2, 31
Let c = -184 - -187. Suppose 0 = 5*a - c*v + 5*v - 364, 0 = 2*a + 5*v - 154. List the prime factors of a.
2, 3
What are the prime factors of -9*((-652584)/108 - 13)?
54499
Let q(x) = -x**2 + 16*x - 16. Let k be q(19). Let p = 368 + k. What are the prime factors of p?
5, 59
Suppose 0 = 2*c + h - 101, 2*c - 5*c + h = -164. Suppose c*z = 21*z + 576. What are the prime factors of z?
2, 3
Let o(v) = 874*v + 1374. List the prime factors of o(27).
2, 3, 2081
Let r = -1637 - -1953. Let g be 4/14 - 136/(-14). Suppose -g*s + 976 = r. List the prime factors of s.
2, 3, 11
Let b be ((-73)/(-2))/((-9)/18). Let a = -248 - -443. Let j = a + b. List the prime factors of j.
2, 61
Let v = 2075 + 827. What are the prime factors of v?
2, 1451
Let n be (-2)/(4/((-72)/(-3))*-4). Suppose i = -n*c + 1064 + 241, -i = -3*c - 1275. What are the prime factors of i?
2, 3, 5, 43
Suppose 3*g = n - 5195 - 670, 0 = -4*n + 5*g + 23418. What are the prime factors of n?
3, 1949
Let t(n) = -17*n - 3. Let v be -64*(-2*(-20)/(-16) - -2). Suppose 2*k - 14 = -v. List the prime factors of t(k).
2, 3, 5
Let l(i) = 200*i + 12. Let p be l(5). Let m = 1473 - p. What are the prime factors of m?
461
Let o(u) = 890*u + 171. What are the prime factors of o(5)?
4621
Let z(x) = -3*x**2 + 2 + 2*x**2 + 7*x**2 - 3*x**2 + x. What are the prime factors of z(5)?
2, 41
Suppose 2*z - 5*p = -15854 + 67521, 0 = 3*z + 6*p - 77460. What are the prime factors of z?
2, 37, 349
Let a = 3241 + -232. Suppose q - 4*d = -d + 1005, -a = -3*q + 3*d. List the prime factors of q.
2, 3, 167
Suppose -92*k = -95*k + 36. Suppose -2*x + 0*x - 146 = 0. List the prime factors of x/(-5)*(-15)/k*-4.
73
Let a = -51 - -51. Let z be (-1)/(-3)*a/(-3 - 0). Suppose h + 1170 = 5*d - h, 3*d - 4*h - 702 = z. What are the prime factors of d?
2, 3, 13
Let y = -12 + -65. What are the prime factors of 7/(y/9141)*(-10)/6?
5, 277
Suppose 2*z - f = 3*f + 10, -5*z + 25 = -f. Suppose 4*t - 92 = -4*p + 3*t, t + 124 = z*p. Let x = p + 15. What are the prime factors of x?
3, 13
Suppose -163 = -4*p - 147. Let m(f) = 139*f + 40. What are the prime factors of m(p)?
2, 149
List the prime factors of (273/(-52))/(3/(-6364)).
7, 37, 43
Let l(o) = -2*o**2 - 57*o - 81. Let m be l(-27). Suppose -3*i = r - 11, 5*r = 5*i - 17 - 8. Suppose -i*s + 17*s - 364 = m. What are the prime factors of s?
2, 7
List the prime factors of (-2119)/(4/(-34) + -10 + (-155)/(-17)).
13, 163
Let w = 0 - -1358. Suppose -z + 4*t = -w, -5*z + 9*t + 6815 = 14*t. What are the prime factors of z?
2, 3, 227
Suppose -276*o + 264*o = -60. Suppose 2*p = 4*m + 200 + 1990, 3*p - 3280 = o*m. What are the prime factors of p?
5, 7, 31
Let r(f) = -7*f**3 + 9*f**2 + 38*f + 54. List the prime factors of r(-11).
2, 5021
Let i = -7668 - -21302. List the prime factors of i.
2, 17, 401
Suppose -2165*c + 16996 = -2163*c. List the prime factors of c.
2, 7, 607
Let o(s) = 17*s**3 - 94*s**2 + 17*s - 13. List the prime factors of o(7).
11
Let r(s) be the second derivative of s**5/20 + s**4/12 - 7*s**3/3 + 7*s**2 - 2*s - 5. What are the prime factors of r(7)?
2, 7, 11
Let x be (3/2)/(1/(-4)). Suppose 279 = -39*s - 306. List the prime factors of (-10)/s*x + 175*1.
3, 19
List the prime factors of (243572/35 - 7) + 2/(-10).
2, 11, 79
Let m = 21 + -17. Suppose -m*c + 84 = -7*c. List the prime factors of (-46)/(-14) + 8/c.
3
Suppose 5*w - 26 + 1 = 0. Suppose -i + w*i - 276 = 0. Let y = i - -167. List the prime factors of y.
2, 59
Let t = 39 - 25. Let m = 227 + -224. Suppose p - m - t = 0. List the prime factors of p.
17
Let v = 124 - 124. Suppose v = 5*d - w - 677 - 50, -3*d + 439 = -2*w. List the prime factors of d.
5, 29
Suppose -12242 = -26*u - 14730 + 68996. List the prime factors of u.
2, 1279
Suppose -245 = -10*r - 65. Let n = -21 + r. Let d(b) = -7*b**3 - 4*b**2 - b + 5. List the prime factors of d(n).
7, 23
Let b be (0 - (-1 - -2)) + 0 - -6. Suppose 2*x - n - 99 = 60, -4*x = -b*n - 333. Let d = x + -28. List the prime factors of d.
7
Let d be (2 - -1482) + -3 + (-20)/10. Let g = d - 828. List the prime factors of g.
3, 7, 31
Let u = 666 - -306. Let y = -570 + u. List the prime factors of y.
2, 3, 67
Let m be 476/(-6) + (-23)/(-69). Let n = m - -80. List the prime factors of 105 - (n - (1 + 0 + 3)).
2, 3
Suppose -3*p + 9*d = 4*d + 3, -p = -3*d + 5. Suppose 4*y = 16, -p*o - 5*y = -3*o - 360. List the prime factors of o.
2, 5, 17
Let d(c) = -685*c + 4. Let w be d(1). Let k = -987 - w. Let l = -181 - k. What are the prime factors of l?
5
Let r = 4 - 8. Let o be (1*-11)/(r/20). Let c = o + 88. What are the prime factors of c?
11, 13
Let i be (23/(-69) - (-10)/(-6)) + 2572. Suppose 0 = -q - 3*q + s + 3465, 3*q - i = -5*s. What are the prime factors of q?
5, 173
Let a be (-2)/(-1) - (6 + 98/(-7)). Let d(k) = 7 - 3*k**2 - 1 - 15*k + 19*k + a*k**2. What are the prime factors of d(-3)?
3, 19
Let w(x) = -x**3 + x**2 + x + 4. Let z be w(0). Suppose -40 = -z*r - r - 5*y, r + 8 = 3*y. Suppose -205 = -r*g - g. What are the prime factors of g?
41
Let s be (15 - 16) + 1/(1/4). Suppose 4*z + k - 3534 = 0, 7*k - s*k - 1760 = -2*z. List the prime factors of z.
2, 13, 17
Let f be (-8 - -1) + (18 - 23). What are the prime factors of 3468/(-18)*(f/8)/1?
17
Let u(h) = 1584*h**2 - 374*h + 1114. List the prime factors of u(3).
2, 13, 137
Let f(h) = h**3 - 12*h**2 - 14*h + 13. Let j be f(13). Let o be (j - -2)/(4/12). Suppose 0 = -o*l + 10*l - 404. What are the prime factors of l?
101
Let o = 67 + -65. Suppose 0 = o*q - 186 + 22. Suppose 113 = 5*r - q. What are the prime factors of r?
3, 13
Let b(l) = 6*l**2 - 120*l - 332. List the prime factors of b(45).
2, 3209
Suppose -49 + 7 = -3*n. Suppose 18*o + 8 = n*o. List the prime factors of 7164/60 + o/5.
7, 17
Let p(i) = -11*i - 10*i + 188*i + 32 - 64*i + 139. List the prime factors of p(11).
2, 163
Let m(o) be the first derivative of o**3/3 + 33*o**2/2 - 13*o + 70. What are the prime factors of m(8)?
3, 5, 7
Let a(v) = v**3 + 6*v**2 + 